 -67. Suppose k - 21 = -3*z, -2*z - 3*z - 4*k = -42. What is the highest common divisor of h and z?
6
Suppose -3*o + 517 = 133. Let s be -4*(2 - 774/(-24)). Let d = 153 + s. What is the greatest common factor of o and d?
16
Suppose 15*b = 10*b + 300. Calculate the greatest common divisor of 1620 and b.
60
Let f = 15 - -73. Let g = -485 - -551. What is the greatest common divisor of g and f?
22
Let r be ((-15)/(-5))/(2/18)*1. Let z = 0 + 0. Suppose 3*o - 9 - 45 = z. What is the greatest common factor of r and o?
9
Let s = -5477 + 7711. Let t be s/9 + 12/(-54). Calculate the highest common divisor of t and 31.
31
Suppose 5*c = o + 161, -4*o + 157 = 5*c - o. Let s = c - 23. Calculate the greatest common divisor of s and 99.
9
Let t(k) = -2*k**3 + 8*k**2 + 4*k - 6. Let o be t(4). Let y be (8/16)/((-1)/(-20)). What is the highest common divisor of y and o?
10
Suppose 0 = 2*b - 3*z - 155, 3*b - 7*z + 6*z = 229. Calculate the highest common factor of 342 and b.
38
Let a be (-10)/3*(-117)/6. Let m = -191 + 296. Let z = m - a. Calculate the highest common factor of 16 and z.
8
Suppose -12*m - 11*m + 5382 = 0. Calculate the highest common divisor of 351 and m.
117
Let b = 942 - 618. Calculate the highest common factor of b and 567.
81
Let a be -2 + 3 - (-5)/(-1). Let c(x) = x + 12. Let o be c(a). What is the highest common factor of o and 40?
8
Suppose 4*y + 8 = -8. Let i be -10 - (0 + y + 3). Let f(h) = -h**3 - 8*h**2 + 7*h + 2. Let v be f(i). Calculate the greatest common divisor of v and 60.
20
Suppose -9*o - 1141 = -6181. Calculate the highest common factor of 420 and o.
140
Let s be ((-20)/15)/1 + (-1870)/(-165). Suppose u = 5*u - 400. Let a = -60 + u. What is the greatest common factor of a and s?
10
Let h(u) = -2*u**2 + 13*u - 11. Let k(s) = -s + 9. Let z be k(4). Let c be h(z). What is the greatest common factor of c and 8?
4
Suppose 0 = -d + 898 - 814. Calculate the greatest common factor of d and 189.
21
Let i = 883 - 875. Calculate the greatest common divisor of i and 80.
8
Let c be ((-3864)/(-207))/(2/48). Calculate the highest common factor of c and 168.
56
Suppose -q = -42 + 2. Let z(o) = 3*o + 13. Let b be z(-1). Calculate the highest common factor of b and q.
10
Suppose -39*j = -482 - 766. Calculate the highest common divisor of j and 1.
1
Let t = -66 - -66. Suppose t = 2*v - 172 - 202. Calculate the greatest common divisor of 17 and v.
17
Suppose -5*j - 5*h + 390 = 0, j = 19*h - 17*h + 87. What is the greatest common factor of 1053 and j?
81
Suppose 0 = 28*f - 721 + 245. Suppose -2*v + 12 = 5*a + v, 2*v = -2. Suppose -a*r + 0*r = -204. Calculate the highest common factor of r and f.
17
Let r be (((-185)/(-2))/(-37))/((-2)/140). Let a be 16/(-12) - 1/(-3). Let m be -5*a*(2 + 3). Calculate the highest common divisor of m and r.
25
Suppose -5*q + 3054 - 650 = 2*x, -5*x = -q + 470. What is the greatest common factor of 5 and q?
5
Suppose 3*g + 4*n - 342 = 0, 4*g + 4*n - 251 - 201 = 0. Let k = 9 + 1. Calculate the greatest common factor of g and k.
10
Let k be (-1512)/(-153) - (-2)/17. Let c = k - 10. Suppose c = -5*s + 92 + 23. Calculate the greatest common factor of s and 92.
23
Suppose -5*a + 3 + 6 = p, -p - 4*a + 12 = 0. Let w = -186 + 476. Suppose -5*t = -310 - w. Calculate the greatest common factor of p and t.
24
Suppose -5*i = -0 - 25. Let x(o) = -4 + 7*o + 5*o**3 + 1 + 2 - 9*o. Let n be x(2). Calculate the highest common factor of i and n.
5
Let d(q) = q**2 + 3*q. Let m be d(-4). Suppose 210 = -j + m*j. Suppose 24118*t = 24111*t + 98. What is the greatest common divisor of t and j?
14
Let z(b) = -7*b + 6. Let v be z(-7). Suppose -663*s + 664*s = 5. What is the greatest common factor of s and v?
5
Suppose 28*g - 1058 - 2862 = 0. What is the highest common factor of 84 and g?
28
Let m(t) = t**2 + 16. Let d be m(0). Suppose 2*v = d - 4. Let j be 12/(-7)*(0 - 35/5). Calculate the highest common divisor of v and j.
6
Let f be -5 + 144 + (-3 - -10) + -2. What is the greatest common divisor of f and 256?
16
Let h(s) = -2*s**2 - 29. Let g be h(-8). Let t = 23 - g. What is the highest common divisor of 72 and t?
36
Let k(h) = -6*h - 4. Let o be k(-4). Let a(y) = -y**3 + 2*y**2 + 6*y + 6. Let v be a(-2). What is the greatest common divisor of v and o?
10
Let k be 9 - (-364)/(-40) - (-444)/40. What is the highest common divisor of k and 1760?
11
Let d(n) = -n**2 - 8*n - 7. Let r be d(-6). Suppose -r*x + 3*x = -12. Let l(y) = -2*y + 4. Let q be l(-4). Calculate the greatest common divisor of q and x.
6
Suppose -g = g + 5*z - 5, 2*g + 4*z - 6 = 0. Suppose 4*l = 2*o + 62, 5*l - 27 = l - g*o. What is the highest common factor of l and 26?
13
Suppose -2*z = 7*g - 2*g - 15, -2*z - 2*g = -6. Suppose z = 3*k + n - 48, -3*k - 2*n = n - 42. Calculate the highest common factor of k and 153.
17
Let z be (0 - 4) + 8 + 2. Let k be 4/(-6)*(-9)/z. Calculate the highest common factor of 1 and k.
1
Let i = -159 + 327. Calculate the greatest common factor of 21 and i.
21
Let h be 2540/55 + (-12)/66. What is the greatest common factor of h and 184?
46
Let y(u) = 5*u - 71. Let i be y(15). Let r be ((-9)/6)/(9/(-6)). What is the greatest common factor of i and r?
1
Suppose -120 = -16*u + 11*u. Let w be -1*4*u/(-16). What is the highest common divisor of 42 and w?
6
Let t = 23 + 28. Suppose -3*v + 15 - 6 = 0. What is the greatest common divisor of v and t?
3
Let i(q) = q**2 - 7*q - 1. Let d be i(8). What is the greatest common divisor of d and 21?
7
Let i = -33 - -73. Let w be (i/6)/(6/9). Let q(a) = -a**3 + 7*a**2 - a. Let x be q(6). What is the greatest common divisor of w and x?
10
Let y(z) = 13*z - 2. Suppose d - 20 = 4*w, 7*d - w - 119 = 2*d. Let o = 26 - d. Let l be y(o). Calculate the highest common divisor of l and 120.
24
Let i = -1 - -3. Suppose -3*s = i*s - 5. Let x be (-5 - -38) + (s - 4). What is the greatest common divisor of x and 15?
15
Let c be 7/((-28)/8) - 24. Let x(j) = 61*j - 1. Let u be x(-1). Let v = c - u. What is the highest common divisor of 9 and v?
9
Let w be (36 - -7) + -7 + (-2 - -4). Let o be 47*2 - (-3 - -2). What is the greatest common factor of o and w?
19
Let o be ((-696)/145)/((-9)/75). Let l(c) = c**3 - 5*c**2 - 3*c - 8. Let v be l(6). Calculate the highest common divisor of v and o.
10
Let c be (-4)/14 - 208/(-91). Suppose 0 = -c*p - 0*p + 6. Suppose -p*u - 2*h + 33 = 0, u - h - 3*h - 25 = 0. Calculate the highest common divisor of 104 and u.
13
Suppose 3*g = 4*g + 55. Let s be 2/11 + (-7910)/g. Suppose -2*j + 14 + 18 = 0. What is the greatest common factor of s and j?
16
Let n be (5 - 2) + 5/1. Let q(m) = 3*m - 3. Let h be q(n). Let c be (-1 + 2)*(42 - 0). Calculate the greatest common factor of h and c.
21
Let g = -2 + 39. Let r = g + 17. Calculate the greatest common factor of 18 and r.
18
Let c = 120 - 95. What is the highest common divisor of 1 and c?
1
Let a be (-2)/(-5 - -3) + 139. Calculate the highest common factor of a and 40.
20
Let y(l) = 9*l**2 - 25*l - 94. Let i be y(-4). What is the highest common factor of 800 and i?
50
Suppose 0*a = m + 2*a + 9, -5*m - 2*a = 5. Let f = 19 - m. Let l = f + -16. Calculate the greatest common divisor of l and 20.
2
Suppose 21*k - 5940 = 6*k. Calculate the highest common divisor of k and 72.
36
Let b(c) = c**3 + 13*c**2 + 34*c - 16. Let q be b(-6). What is the highest common factor of 56 and q?
8
Let i be -46 - (-1 - -1 - 0). Let w = 86 + i. Calculate the highest common factor of w and 10.
10
Suppose 2*v = v + 3*k + 16, 20 = -5*k. Let h be -4 - (-6 - (v + -4)). Let b be 4 + -2*(2 - 1). Calculate the highest common factor of h and b.
2
Suppose -14*w = -22*w + 352. Suppose 0 = -4*x - 4*y, 0 = -y - 4*y. Let n be (44/2)/(1 + x). What is the highest common factor of n and w?
22
Suppose -2*y = -5*j - 4 - 22, 4 = j. Let b(h) = -3*h**3 - h**2 - h + 4. Let i be b(-4). Calculate the highest common divisor of y and i.
23
Suppose 0 = -2*g + 3*r + 129 + 108, g - 5*r = 101. Calculate the greatest common factor of g and 56.
14
Let h be (0 + 1)/(2/180). Let z(x) = -x**3 + 5*x**2 - 2*x + 8. Let m be z(5). Let w be (m - 96/(-18))*3. Calculate the greatest common factor of w and h.
10
Let f be (-2)/(2 + 0)*-6. Let b be 0 + -6 - (f - 9) - -35. What is the greatest common divisor of b and 8?
8
Supp